 highest common factor of o and 45?
15
Let a(x) = 7 - 8 + 2*x - x. Let s be a(7). Calculate the greatest common divisor of s and 66.
6
Let n be (2 + -60)/((-4)/2). Let w be (n - -2) + (0 - 1). Suppose 0 = -3*r - 4*q + w, r + 0*r + q - 10 = 0. Calculate the highest common factor of r and 80.
10
Let x(i) = 2*i**3 + 38*i**2 - 11*i + 1. Let m be x(-19). What is the highest common factor of m and 120?
30
Let l be -6*((-122)/30 - -4)*240. What is the highest common factor of l and 24?
24
Let q = -616 + 670. What is the highest common factor of q and 81?
27
Let z(y) = y**2 - 3*y - 11. Let j be z(4). Let v be 6/2 + j + 92. Calculate the highest common factor of v and 22.
22
Let k = 78 + -73. Suppose -k*n + 243 + 42 = 0. Calculate the greatest common factor of 76 and n.
19
Let g be 2/(-5)*(-258 - -118). What is the highest common divisor of g and 210?
14
Suppose 4*q + 3 + 1 = 0, 0 = 3*l - 3*q + 6. Let v(d) = -4*d**3 - 6*d**2 + 1. Let w be v(l). Let k = w + 5. Calculate the highest common divisor of 24 and k.
12
Suppose -41*g + 6061 = -12*g. Calculate the greatest common divisor of 57 and g.
19
Let a(i) = -i + 1. Let y = 3 - 4. Let u be a(y). Suppose u*q - p - 6 = -0*p, q + p = 6. What is the highest common factor of q and 44?
4
Suppose -4*r - 125 = -9*r. Suppose -3*u = 2*u - r. Suppose -u*m + 154 = -56. Calculate the highest common factor of 21 and m.
21
Suppose 8*u + 218 = -94. Let d = u - -72. Let p be (-1)/(-1)*(12 + -1). Calculate the highest common divisor of p and d.
11
Let a = 41 - 2. Let j be ((-60)/9)/(3/108*6). Let t = j + 66. What is the greatest common divisor of t and a?
13
Suppose -5*r + 12 + 25 = -3*u, 5*u + 40 = 4*r. Let g be (u/2)/(4/(-126)). Calculate the highest common factor of g and 7.
7
Let s(f) = -18*f + 10 + 3 - 22. Let q be s(-3). Let y = -1 - -6. What is the greatest common factor of y and q?
5
Suppose -2*i + 6 = 5*q - 8, -4*i + 6 = -q. Suppose 4*x - 4 = z, x + 2*z - q = 8. Let u = -1 + x. What is the highest common factor of u and 11?
1
Let n = -16 + 20. Suppose 2*m = -6, 3*p = -2*p + 4*m - 3. Let a = n - p. What is the greatest common divisor of 28 and a?
7
Let m = -1000 + 1195. Calculate the greatest common divisor of 30 and m.
15
Let t be 0 - (4 - 4 - 128). Calculate the greatest common divisor of 32 and t.
32
Suppose 5*c - 58 = 212. Let k(f) = f + 2. Let r be k(4). What is the greatest common divisor of r and c?
6
Suppose 2*k - 38 - 33 = -5*f, -4*f + 49 = -k. What is the greatest common factor of 13 and f?
13
Let r = 26 + -14. Let f(h) = -16*h - 20. Let s be f(-8). Calculate the highest common factor of s and r.
12
Let z(m) = -3*m**2 + 14*m + 7. Suppose -5 + 0 = -q. Let k be z(q). What is the greatest common factor of 10 and k?
2
Let r(y) = y - 8. Let a be r(11). Let t be 4*a/(-2)*(-30)/4. Calculate the highest common factor of 27 and t.
9
Let v = -279 - -499. Calculate the highest common factor of 44 and v.
44
Suppose 200 = 10*v - 6*v. Let k = 303 - v. Calculate the highest common factor of k and 23.
23
Suppose 4*z - 47 = -4*s - z, -4*s + 67 = z. Suppose -5*j + 4*x + 101 = 0, 0*j = -j + 3*x + s. What is the highest common factor of j and 147?
21
Let q(c) = -c. Let i be q(-2). Suppose 3*t - 2 = p, 0 = -3*p + 14 - i. What is the greatest common divisor of 16 and t?
2
Let l(v) be the first derivative of -3*v**2 - 4*v - 5. Let p be l(-3). Let f = -16 - -51. What is the greatest common factor of f and p?
7
Let z(p) = -2*p**2 + 70*p + 20. Let t be z(35). Calculate the greatest common divisor of 30 and t.
10
Suppose 0 = -4*p + a + 15, 2*a - 1 + 3 = p. Suppose 0 = -y - p*y + 65. What is the greatest common factor of y and 13?
13
Let j(k) = 6*k**2 + 10*k - 4. Let m be j(5). Let f = m + -121. What is the highest common divisor of f and 30?
15
Suppose 0 = 5*x - 5 - 15. Let d = -150 - -152. What is the greatest common divisor of d and x?
2
Suppose 6*l - 6 = 7*l. Let x(f) = -2*f**2 - 7*f + 6. Let w be x(l). Let j be 4/16 + (-282)/w. Calculate the highest common divisor of 84 and j.
12
Let b = -115 + 140. Let t be (-13)/(-3)*(28 - b). Calculate the highest common factor of t and 143.
13
Let t(p) = 3*p**2 + p + 1. Let c be t(-1). Suppose -4*a + 63 = -c*a. Let k be 18/a + 52/14. What is the greatest common divisor of k and 4?
4
Let o be (-2)/(7/(-70)*31 + 3). What is the highest common divisor of o and 4?
4
Let c = 959 + -621. Calculate the highest common factor of c and 26.
26
Suppose -4*h + 5*d = -18 - 6, 3*h + 5*d = 53. What is the highest common divisor of 209 and h?
11
Let a be 2/5 + (-24)/(-15). Suppose -5*w + 125 = 2*u, -u + 58 = -w + a*w. Let h = 11 - 0. What is the greatest common divisor of h and u?
11
Let y = 10 + -5. Let c be (-5)/(-4) + (-24)/96. What is the greatest common divisor of y and c?
1
Suppose 23*r - 474 = 17*r. What is the highest common factor of 948 and r?
79
Let h(n) = n**3 + 13*n**2 + 10*n - 10. Suppose 3*d + 36 = -0. Let p be h(d). What is the greatest common divisor of p and 42?
14
Let u = 14 - 6. Let j be -2*4/u*-3. Suppose 0 = -j*q + 6, -5*l - 4*q + 148 = -0*l. Calculate the highest common factor of l and 308.
28
Let k(f) = -3*f + 39. Let c be k(-9). Calculate the highest common factor of 110 and c.
22
Let z(o) = o - 6. Let q be z(9). Suppose 0 = -q*h + 3 - 42. Let n = -2 - h. What is the greatest common factor of 22 and n?
11
Suppose 0*q + 60 = -2*q. Let o = q - -43. Suppose -5*p + 64 = 2*i - 74, 4*p = 2*i + 96. What is the greatest common divisor of p and o?
13
Let y(g) = -g**3 - 13*g**2 - 58*g + 27. Let v be y(-8). What is the greatest common factor of 285 and v?
57
Let c(i) = i**3 - 36*i**2 - 34*i - 41. Let g be c(37). Calculate the greatest common divisor of g and 112.
14
Suppose f - 4*i = 2*f - 36, 4*f - 79 = -3*i. Let s(b) = b + 8. Let u be s(f). Calculate the highest common divisor of 168 and u.
24
Let g = 1298 - 1266. Calculate the greatest common factor of g and 72.
8
Suppose 4*p - g = 183, 2*p - 3*g = -p + 126. Let s = p - 39. What is the greatest common factor of 40 and s?
8
Let q(d) = -d**3 + 1. Let b(s) = -s**3 - 17*s**2 - 18. Let v(p) = -b(p) + 2*q(p). Let c be v(17). What is the highest common factor of c and 50?
10
Let x(f) = 11*f + 15. Let q(z) = -z**2 + 33*z + 45. Let o(d) = -2*q(d) + 7*x(d). Let j be o(-8). What is the highest common factor of 11 and j?
11
Suppose n = r - 159, r + 4*r - 4*n - 792 = 0. What is the greatest common factor of 36 and r?
12
Suppose -1 = -j + 2. Suppose j*w - 5*w = 10. Let c be -13*w/(-15)*-3. Calculate the greatest common factor of c and 39.
13
Let q(r) = r**2 + 2*r + 3. Let d be q(7). Let s be (-2)/(-8)*d*36. Suppose 0*l + s = 3*l. Calculate the greatest common divisor of l and 18.
18
Let m be 130 + 6/3 - (-8)/(-2). Let p(k) = k - 1. Let r be p(9). Calculate the highest common divisor of m and r.
8
Let y = 128 - 135. Let q(x) = 2*x**2 + 14*x + 26. Let d be q(y). Calculate the highest common factor of d and 286.
26
Suppose 0 = -22*w - 1633 + 10213. Calculate the highest common factor of w and 10.
10
Suppose -5*h + 27 = v, 21 = 5*h - v - v. Suppose -h*f - f = -522. What is the highest common factor of 58 and f?
29
Let s = -112 - -109. Let d be (s/(-2))/((-8)/(-128)*6). What is the highest common factor of 36 and d?
4
Let f(g) = -2*g**2 + 46*g - 26. Let v be f(22). What is the highest common divisor of 117 and v?
9
Suppose 3*y = -4*w + 224, -2*w = -0*w + 5*y - 112. Let g = 66 - w. What is the greatest common factor of g and 10?
10
Let u = -1806 + 2917. Calculate the greatest common factor of u and 11.
11
Suppose 5*g = 37 + 203. Let u be g/(-21)*7/(-2). Calculate the greatest common divisor of 8 and u.
8
Suppose -2*y - 4*z + 26 = 0, -3*z = -2*y + 7*y - 37. Let f(x) = -12*x + 9. Let w be f(-5). Let g = -54 + w. What is the highest common divisor of y and g?
5
Let o be 23 - (-8 - -5)*-1. Calculate the greatest common divisor of o and 50.
10
Suppose 2*c + 101 = 679. Calculate the highest common divisor of c and 119.
17
Suppose -2*g = 4, 2*n + 7*g = 3*g - 4. Let t = n - 2. Let k(h) = -2*h + 6. Let f be k(t). What is the highest common factor of f and 30?
6
Let l be 2/(-21)*3 + (-10071)/(-189). Calculate the greatest common factor of l and 53.
53
Suppose -3*p = 2 + 1. Suppose -9 + 37 = -2*k. Let o be 48/(p - k/8). Calculate the greatest common divisor of o and 